{"id":41,"date":"2022-08-16T17:14:21","date_gmt":"2022-08-16T20:14:21","guid":{"rendered":"https:\/\/rbottino.com.br\/?page_id=41"},"modified":"2022-08-31T09:45:53","modified_gmt":"2022-08-31T12:45:53","slug":"historia","status":"publish","type":"page","link":"https:\/\/rbottino.com.br\/?page_id=41","title":{"rendered":"Hist\u00f3ria"},"content":{"rendered":"\n<h1 class=\"wp-block-heading\">Minha Hist\u00f3ria<\/h1>\n\n\n\n<h2 class=\"wp-block-heading\">Inf\u00e2ncia<\/h2>\n\n\n\n<p class=\"has-text-align-left\">Nascido em Ribeir\u00e3o Preto, interior de S\u00e3o Paulo, no entanto, me mudei para a capital ainda crian\u00e7a, com aproximadamente 7 anos de idade.<\/p>\n\n\n\n<p class=\"has-text-align-left\">Em S\u00e3o Paulo cresci como um t\u00edpico garoto de classe m\u00e9dia. Alternando entre minhas atividades escolares e minha divers\u00e3o como futebol e skate nas quadras, parques e ruas da cidade.<\/p>\n\n\n\n<p class=\"has-text-align-left\">J\u00e1 no in\u00edcio da minha vida adulta fiz cursinho preparat\u00f3rio para vestibular. Em paralelo, minha paix\u00e3o por autom\u00f3veis me levou ao Curso T\u00e9cnico em Automobil\u00edstica no SENAI.<\/p>\n\n\n\n<h2 class=\"wp-block-heading\">In\u00edcio da vida profissional<\/h2>\n\n\n\n<p class=\"has-text-align-left\">Simultaneamente ao \u00faltimo semestre no curso t\u00e9cnico ingressei na Universidade no curso de Engenharia Mec\u00e2nica. Assim que conclu\u00ed o curso t\u00e9cnico, fui em busca de est\u00e1gio e finalmente ingressei na vida profissional.<\/p>\n\n\n\n<p class=\"has-text-align-left\">Come\u00e7ando, at\u00e9 ent\u00e3o, como estagi\u00e1rio de engenharia em uma pequena empresa de cilindros e sistemas de nitrog\u00eanio que atuam como molas pneum\u00e1ticas em sistemas de amortecimento de prensas hidr\u00e1ulicas.<\/p>\n\n\n\n<p class=\"has-text-align-left\">Em seguida, meu segundo est\u00e1gio, foi em uma grande multinacional no ramo de Bombas Hidr\u00e1ulicas, V\u00e1lvulas e Selos Mec\u00e2nicos. Poucos meses depois efetivado como desenhista t\u00e9cnico.<\/p>\n\n\n\n<p class=\"has-text-align-left\">Ap\u00f3s alguns anos na unidade de S\u00e3o Caetano do Sul, a empresa decidiu ampliar o setor de engenharia na filial de Lauro de Freitas na Bahia e fui transferido para absorver a carga de projetos da regi\u00e3o.<\/p>\n\n\n\n<p class=\"has-text-align-left\">Por conta da crise no pa\u00eds acabei sendo desligado da empresa. Ap\u00f3s retornar para S\u00e3o Paulo, poucos meses depois fui recontratado pela mesma empresa, por\u00e9m no setor de Assist\u00eancia T\u00e9cnica, onde dava suporte aos clientes com orienta\u00e7\u00f5es sobre instala\u00e7\u00e3o, controle, opera\u00e7\u00e3o e manuten\u00e7\u00e3o de seus equipamentos.<\/p>\n\n\n\n<h2 class=\"wp-block-heading\">Mudan\u00e7a de carreira<\/h2>\n\n\n\n<p class=\"has-text-align-left\">Foi ent\u00e3o que decidi retomar meus estudos e prestei vestibular. Mesmo anos depois de concluir o ensino m\u00e9dio tive sucesso e, gra\u00e7as a minha nota do vestibular, consegui uma bolsa integral.<\/p>\n\n\n\n<p class=\"has-text-align-left\">Nesta nova vida acad\u00eamica me redescobri no mundo do Design Gr\u00e1fico. Fiquei apaixonado pelo trabalho que mistura arte com t\u00e9cnicas de marketing.<\/p>\n\n\n\n<p class=\"has-text-align-left\">Gra\u00e7as a essa nova paix\u00e3o decidi trocar o mundo da ind\u00fastria mec\u00e2nica para me dedicar 100% ao mundo das artes gr\u00e1ficas e digitais. Hoje atuo de maneira livre explorando minha criatividade para atender as necessidades dos clientes da melhor maneira poss\u00edvel.<\/p>\n\n\n\n<p class=\"has-text-align-left\">E assim est\u00e1 sendo a minha hist\u00f3ria, evoluindo, aprendendo e crescendo para que cada dia eu possa escrever mais um cap\u00edtulo.<\/p>\n","protected":false},"excerpt":{"rendered":"<p>Minha Hist\u00f3ria Inf\u00e2ncia Nascido em Ribeir\u00e3o Preto, interior de S\u00e3o Paulo, no entanto, me mudei para a capital ainda crian\u00e7a, com aproximadamente 7 anos de idade. Em S\u00e3o Paulo cresci como um t\u00edpico garoto de classe m\u00e9dia. Alternando entre minhas atividades escolares e minha divers\u00e3o como futebol e skate nas quadras, parques e ruas da &hellip; <\/p>\n<p class=\"link-more\"><a href=\"https:\/\/rbottino.com.br\/?page_id=41\" class=\"more-link\">Continue lendo<span class=\"screen-reader-text\"> &#8220;Hist\u00f3ria&#8221;<\/span><\/a><\/p>\n","protected":false},"author":1,"featured_media":0,"parent":0,"menu_order":0,"comment_status":"closed","ping_status":"closed","template":"","meta":{"om_disable_all_campaigns":false,"_monsterinsights_skip_tracking":false,"_monsterinsights_sitenote_active":false,"_monsterinsights_sitenote_note":"","_monsterinsights_sitenote_category":0,"footnotes":""},"yoast_head":"<!-- This site is optimized with the Yoast SEO plugin v24.5 - https:\/\/yoast.com\/wordpress\/plugins\/seo\/ -->\n<title>Hist\u00f3ria - Rafael Bottino<\/title>\n<meta name=\"robots\" content=\"index, follow, max-snippet:-1, max-image-preview:large, max-video-preview:-1\" \/>\n<link rel=\"canonical\" href=\"https:\/\/rbottino.com.br\/?page_id=41\" \/>\n<meta property=\"og:locale\" content=\"pt_BR\" \/>\n<meta property=\"og:type\" content=\"article\" \/>\n<meta property=\"og:title\" content=\"Hist\u00f3ria - Rafael Bottino\" \/>\n<meta property=\"og:description\" content=\"Minha Hist\u00f3ria Inf\u00e2ncia Nascido em Ribeir\u00e3o Preto, interior de S\u00e3o Paulo, no entanto, me mudei para a capital ainda crian\u00e7a, com aproximadamente 7 anos de idade. Em S\u00e3o Paulo cresci como um t\u00edpico garoto de classe m\u00e9dia. Alternando entre minhas atividades escolares e minha divers\u00e3o como futebol e skate nas quadras, parques e ruas da &hellip; Continue lendo &quot;Hist\u00f3ria&quot;\" \/>\n<meta property=\"og:url\" content=\"https:\/\/rbottino.com.br\/?page_id=41\" \/>\n<meta property=\"og:site_name\" content=\"Rafael Bottino\" \/>\n<meta property=\"article:modified_time\" content=\"2022-08-31T12:45:53+00:00\" \/>\n<meta name=\"twitter:card\" content=\"summary_large_image\" \/>\n<meta name=\"twitter:label1\" content=\"Est. tempo de leitura\" \/>\n\t<meta name=\"twitter:data1\" content=\"3 minutos\" \/>\n<script type=\"application\/ld+json\" class=\"yoast-schema-graph\">{\"@context\":\"https:\/\/schema.org\",\"@graph\":[{\"@type\":\"WebPage\",\"@id\":\"https:\/\/rbottino.com.br\/?page_id=41\",\"url\":\"https:\/\/rbottino.com.br\/?page_id=41\",\"name\":\"Hist\u00f3ria - Rafael Bottino\",\"isPartOf\":{\"@id\":\"https:\/\/rbottino.com.br\/#website\"},\"datePublished\":\"2022-08-16T20:14:21+00:00\",\"dateModified\":\"2022-08-31T12:45:53+00:00\",\"breadcrumb\":{\"@id\":\"https:\/\/rbottino.com.br\/?page_id=41#breadcrumb\"},\"inLanguage\":\"pt-BR\",\"potentialAction\":[{\"@type\":\"ReadAction\",\"target\":[\"https:\/\/rbottino.com.br\/?page_id=41\"]}]},{\"@type\":\"BreadcrumbList\",\"@id\":\"https:\/\/rbottino.com.br\/?page_id=41#breadcrumb\",\"itemListElement\":[{\"@type\":\"ListItem\",\"position\":1,\"name\":\"In\u00edcio\",\"item\":\"https:\/\/rbottino.com.br\/\"},{\"@type\":\"ListItem\",\"position\":2,\"name\":\"Hist\u00f3ria\"}]},{\"@type\":\"WebSite\",\"@id\":\"https:\/\/rbottino.com.br\/#website\",\"url\":\"https:\/\/rbottino.com.br\/\",\"name\":\"Rafael Bottino\",\"description\":\"Designer Gr\u00e1fico\",\"potentialAction\":[{\"@type\":\"SearchAction\",\"target\":{\"@type\":\"EntryPoint\",\"urlTemplate\":\"https:\/\/rbottino.com.br\/?s={search_term_string}\"},\"query-input\":{\"@type\":\"PropertyValueSpecification\",\"valueRequired\":true,\"valueName\":\"search_term_string\"}}],\"inLanguage\":\"pt-BR\"}]}<\/script>\n<!-- \/ Yoast SEO plugin. -->","yoast_head_json":{"title":"Hist\u00f3ria - Rafael Bottino","robots":{"index":"index","follow":"follow","max-snippet":"max-snippet:-1","max-image-preview":"max-image-preview:large","max-video-preview":"max-video-preview:-1"},"canonical":"https:\/\/rbottino.com.br\/?page_id=41","og_locale":"pt_BR","og_type":"article","og_title":"Hist\u00f3ria - Rafael Bottino","og_description":"Minha Hist\u00f3ria Inf\u00e2ncia Nascido em Ribeir\u00e3o Preto, interior de S\u00e3o Paulo, no entanto, me mudei para a capital ainda crian\u00e7a, com aproximadamente 7 anos de idade. Em S\u00e3o Paulo cresci como um t\u00edpico garoto de classe m\u00e9dia. Alternando entre minhas atividades escolares e minha divers\u00e3o como futebol e skate nas quadras, parques e ruas da &hellip; Continue lendo \"Hist\u00f3ria\"","og_url":"https:\/\/rbottino.com.br\/?page_id=41","og_site_name":"Rafael Bottino","article_modified_time":"2022-08-31T12:45:53+00:00","twitter_card":"summary_large_image","twitter_misc":{"Est. tempo de leitura":"3 minutos"},"schema":{"@context":"https:\/\/schema.org","@graph":[{"@type":"WebPage","@id":"https:\/\/rbottino.com.br\/?page_id=41","url":"https:\/\/rbottino.com.br\/?page_id=41","name":"Hist\u00f3ria - Rafael Bottino","isPartOf":{"@id":"https:\/\/rbottino.com.br\/#website"},"datePublished":"2022-08-16T20:14:21+00:00","dateModified":"2022-08-31T12:45:53+00:00","breadcrumb":{"@id":"https:\/\/rbottino.com.br\/?page_id=41#breadcrumb"},"inLanguage":"pt-BR","potentialAction":[{"@type":"ReadAction","target":["https:\/\/rbottino.com.br\/?page_id=41"]}]},{"@type":"BreadcrumbList","@id":"https:\/\/rbottino.com.br\/?page_id=41#breadcrumb","itemListElement":[{"@type":"ListItem","position":1,"name":"In\u00edcio","item":"https:\/\/rbottino.com.br\/"},{"@type":"ListItem","position":2,"name":"Hist\u00f3ria"}]},{"@type":"WebSite","@id":"https:\/\/rbottino.com.br\/#website","url":"https:\/\/rbottino.com.br\/","name":"Rafael Bottino","description":"Designer Gr\u00e1fico","potentialAction":[{"@type":"SearchAction","target":{"@type":"EntryPoint","urlTemplate":"https:\/\/rbottino.com.br\/?s={search_term_string}"},"query-input":{"@type":"PropertyValueSpecification","valueRequired":true,"valueName":"search_term_string"}}],"inLanguage":"pt-BR"}]}},"_links":{"self":[{"href":"https:\/\/rbottino.com.br\/index.php?rest_route=\/wp\/v2\/pages\/41"}],"collection":[{"href":"https:\/\/rbottino.com.br\/index.php?rest_route=\/wp\/v2\/pages"}],"about":[{"href":"https:\/\/rbottino.com.br\/index.php?rest_route=\/wp\/v2\/types\/page"}],"author":[{"embeddable":true,"href":"https:\/\/rbottino.com.br\/index.php?rest_route=\/wp\/v2\/users\/1"}],"replies":[{"embeddable":true,"href":"https:\/\/rbottino.com.br\/index.php?rest_route=%2Fwp%2Fv2%2Fcomments&post=41"}],"version-history":[{"count":8,"href":"https:\/\/rbottino.com.br\/index.php?rest_route=\/wp\/v2\/pages\/41\/revisions"}],"predecessor-version":[{"id":84,"href":"https:\/\/rbottino.com.br\/index.php?rest_route=\/wp\/v2\/pages\/41\/revisions\/84"}],"wp:attachment":[{"href":"https:\/\/rbottino.com.br\/index.php?rest_route=%2Fwp%2Fv2%2Fmedia&parent=41"}],"curies":[{"name":"wp","href":"https:\/\/api.w.org\/{rel}","templated":true}]}}