{"id":44,"date":"2022-08-16T17:44:11","date_gmt":"2022-08-16T20:44:11","guid":{"rendered":"https:\/\/rbottino.com.br\/?page_id=44"},"modified":"2023-02-24T10:30:51","modified_gmt":"2023-02-24T13:30:51","slug":"habilidades-e-softwares","status":"publish","type":"page","link":"https:\/\/rbottino.com.br\/?page_id=44","title":{"rendered":"Habilidades e Softwares"},"content":{"rendered":"\n<h2 class=\"wp-block-heading\">Habilidades<\/h2>\n\n\n\n<p>Como um profissional vers\u00e1til, minhas habilidades variam dentro dos seguintes temas:<\/p>\n\n\n\n<ul>\n<li>Dire\u00e7\u00e3o de Arte<\/li>\n\n\n\n<li>Gest\u00e3o de Projetos<\/li>\n\n\n\n<li>Ilustra\u00e7\u00e3o<\/li>\n\n\n\n<li>Anima\u00e7\u00e3o<\/li>\n\n\n\n<li>Projetos em 2D e 3D<\/li>\n\n\n\n<li>Edi\u00e7\u00e3o de Fotogr\u00e1fica<\/li>\n\n\n\n<li>Diagrama\u00e7\u00e3o<\/li>\n\n\n\n<li>Infogr\u00e1ficos<\/li>\n<\/ul>\n\n\n\n<p><strong>L\u00edngua estrangeira<\/strong><\/p>\n\n\n\n<p>Como parte das minhas habilidades, sou autodidata em ingl\u00eas, tive aulas de ingl\u00eas fazendo parte do curr\u00edculo escolar comum, por\u00e9m o desenvolvimento veio por iniciativa pr\u00f3pria. Me dediquei a ler e consumir conte\u00fados exclusivamente em ingl\u00eas e hoje me considero fluente nesta l\u00edngua quanto a conversa\u00e7\u00e3o e leitura. <\/p>\n\n\n\n<p>Esta habilidade me permitiu ser o autor e editor da tradu\u00e7\u00e3o para o portugu\u00eas do livro de regras oficiais de snooker dispon\u00edvel no site www.snookerforlife.com\/regras.<\/p>\n\n\n\n<h2 class=\"wp-block-heading\">Softwares<\/h2>\n\n\n\n<p>Todas essas habilidades s\u00e3o aplicadas em softwares amplamente reconhecidos pelo mercado. Os principais softwares que utilizo em meu processo criativo s\u00e3o:<\/p>\n\n\n\n<ul>\n<li>Adobe Illustrator<\/li>\n\n\n\n<li>Adobe Photoshop<\/li>\n\n\n\n<li>Adobe After Effects<\/li>\n\n\n\n<li>Adobe InDesign<\/li>\n\n\n\n<li>Adobe Premiere<\/li>\n\n\n\n<li>Adobe XD<\/li>\n\n\n\n<li>Blender<\/li>\n\n\n\n<li>Microsoft Excel<\/li>\n\n\n\n<li>Microsoft Word<\/li>\n\n\n\n<li>Microsoft Power Point<\/li>\n\n\n\n<li>MS Project<\/li>\n\n\n\n<li>Autodesk AutoCAD<\/li>\n\n\n\n<li>Autodesk Inventor<\/li>\n<\/ul>\n","protected":false},"excerpt":{"rendered":"<p>Habilidades Como um profissional vers\u00e1til, minhas habilidades variam dentro dos seguintes temas: L\u00edngua estrangeira Como parte das minhas habilidades, sou autodidata em ingl\u00eas, tive aulas de ingl\u00eas fazendo parte do curr\u00edculo escolar comum, por\u00e9m o desenvolvimento veio por iniciativa pr\u00f3pria. Me dediquei a ler e consumir conte\u00fados exclusivamente em ingl\u00eas e hoje me considero fluente &hellip; <\/p>\n<p class=\"link-more\"><a href=\"https:\/\/rbottino.com.br\/?page_id=44\" class=\"more-link\">Continue lendo<span class=\"screen-reader-text\"> &#8220;Habilidades e Softwares&#8221;<\/span><\/a><\/p>\n","protected":false},"author":1,"featured_media":0,"parent":0,"menu_order":0,"comment_status":"closed","ping_status":"closed","template":"","meta":{"om_disable_all_campaigns":false,"_monsterinsights_skip_tracking":false,"_monsterinsights_sitenote_active":false,"_monsterinsights_sitenote_note":"","_monsterinsights_sitenote_category":0,"footnotes":""},"yoast_head":"<!-- This site is optimized with the Yoast SEO plugin v24.5 - https:\/\/yoast.com\/wordpress\/plugins\/seo\/ -->\n<title>Habilidades e Softwares - Rafael Bottino<\/title>\n<meta name=\"robots\" content=\"index, follow, max-snippet:-1, max-image-preview:large, max-video-preview:-1\" \/>\n<link rel=\"canonical\" href=\"https:\/\/rbottino.com.br\/?page_id=44\" \/>\n<meta property=\"og:locale\" content=\"pt_BR\" \/>\n<meta property=\"og:type\" content=\"article\" \/>\n<meta property=\"og:title\" content=\"Habilidades e Softwares - Rafael Bottino\" \/>\n<meta property=\"og:description\" content=\"Habilidades Como um profissional vers\u00e1til, minhas habilidades variam dentro dos seguintes temas: L\u00edngua estrangeira Como parte das minhas habilidades, sou autodidata em ingl\u00eas, tive aulas de ingl\u00eas fazendo parte do curr\u00edculo escolar comum, por\u00e9m o desenvolvimento veio por iniciativa pr\u00f3pria. Me dediquei a ler e consumir conte\u00fados exclusivamente em ingl\u00eas e hoje me considero fluente &hellip; Continue lendo &quot;Habilidades e Softwares&quot;\" \/>\n<meta property=\"og:url\" content=\"https:\/\/rbottino.com.br\/?page_id=44\" \/>\n<meta property=\"og:site_name\" content=\"Rafael Bottino\" \/>\n<meta property=\"article:modified_time\" content=\"2023-02-24T13:30:51+00:00\" \/>\n<meta name=\"twitter:card\" content=\"summary_large_image\" \/>\n<meta name=\"twitter:label1\" content=\"Est. tempo de leitura\" \/>\n\t<meta name=\"twitter:data1\" content=\"1 minuto\" \/>\n<script type=\"application\/ld+json\" class=\"yoast-schema-graph\">{\"@context\":\"https:\/\/schema.org\",\"@graph\":[{\"@type\":\"WebPage\",\"@id\":\"https:\/\/rbottino.com.br\/?page_id=44\",\"url\":\"https:\/\/rbottino.com.br\/?page_id=44\",\"name\":\"Habilidades e Softwares - Rafael Bottino\",\"isPartOf\":{\"@id\":\"https:\/\/rbottino.com.br\/#website\"},\"datePublished\":\"2022-08-16T20:44:11+00:00\",\"dateModified\":\"2023-02-24T13:30:51+00:00\",\"breadcrumb\":{\"@id\":\"https:\/\/rbottino.com.br\/?page_id=44#breadcrumb\"},\"inLanguage\":\"pt-BR\",\"potentialAction\":[{\"@type\":\"ReadAction\",\"target\":[\"https:\/\/rbottino.com.br\/?page_id=44\"]}]},{\"@type\":\"BreadcrumbList\",\"@id\":\"https:\/\/rbottino.com.br\/?page_id=44#breadcrumb\",\"itemListElement\":[{\"@type\":\"ListItem\",\"position\":1,\"name\":\"In\u00edcio\",\"item\":\"https:\/\/rbottino.com.br\/\"},{\"@type\":\"ListItem\",\"position\":2,\"name\":\"Habilidades e Softwares\"}]},{\"@type\":\"WebSite\",\"@id\":\"https:\/\/rbottino.com.br\/#website\",\"url\":\"https:\/\/rbottino.com.br\/\",\"name\":\"Rafael Bottino\",\"description\":\"Designer Gr\u00e1fico\",\"potentialAction\":[{\"@type\":\"SearchAction\",\"target\":{\"@type\":\"EntryPoint\",\"urlTemplate\":\"https:\/\/rbottino.com.br\/?s={search_term_string}\"},\"query-input\":{\"@type\":\"PropertyValueSpecification\",\"valueRequired\":true,\"valueName\":\"search_term_string\"}}],\"inLanguage\":\"pt-BR\"}]}<\/script>\n<!-- \/ Yoast SEO plugin. -->","yoast_head_json":{"title":"Habilidades e Softwares - Rafael Bottino","robots":{"index":"index","follow":"follow","max-snippet":"max-snippet:-1","max-image-preview":"max-image-preview:large","max-video-preview":"max-video-preview:-1"},"canonical":"https:\/\/rbottino.com.br\/?page_id=44","og_locale":"pt_BR","og_type":"article","og_title":"Habilidades e Softwares - Rafael Bottino","og_description":"Habilidades Como um profissional vers\u00e1til, minhas habilidades variam dentro dos seguintes temas: L\u00edngua estrangeira Como parte das minhas habilidades, sou autodidata em ingl\u00eas, tive aulas de ingl\u00eas fazendo parte do curr\u00edculo escolar comum, por\u00e9m o desenvolvimento veio por iniciativa pr\u00f3pria. Me dediquei a ler e consumir conte\u00fados exclusivamente em ingl\u00eas e hoje me considero fluente &hellip; Continue lendo \"Habilidades e Softwares\"","og_url":"https:\/\/rbottino.com.br\/?page_id=44","og_site_name":"Rafael Bottino","article_modified_time":"2023-02-24T13:30:51+00:00","twitter_card":"summary_large_image","twitter_misc":{"Est. tempo de leitura":"1 minuto"},"schema":{"@context":"https:\/\/schema.org","@graph":[{"@type":"WebPage","@id":"https:\/\/rbottino.com.br\/?page_id=44","url":"https:\/\/rbottino.com.br\/?page_id=44","name":"Habilidades e Softwares - Rafael Bottino","isPartOf":{"@id":"https:\/\/rbottino.com.br\/#website"},"datePublished":"2022-08-16T20:44:11+00:00","dateModified":"2023-02-24T13:30:51+00:00","breadcrumb":{"@id":"https:\/\/rbottino.com.br\/?page_id=44#breadcrumb"},"inLanguage":"pt-BR","potentialAction":[{"@type":"ReadAction","target":["https:\/\/rbottino.com.br\/?page_id=44"]}]},{"@type":"BreadcrumbList","@id":"https:\/\/rbottino.com.br\/?page_id=44#breadcrumb","itemListElement":[{"@type":"ListItem","position":1,"name":"In\u00edcio","item":"https:\/\/rbottino.com.br\/"},{"@type":"ListItem","position":2,"name":"Habilidades e Softwares"}]},{"@type":"WebSite","@id":"https:\/\/rbottino.com.br\/#website","url":"https:\/\/rbottino.com.br\/","name":"Rafael Bottino","description":"Designer Gr\u00e1fico","potentialAction":[{"@type":"SearchAction","target":{"@type":"EntryPoint","urlTemplate":"https:\/\/rbottino.com.br\/?s={search_term_string}"},"query-input":{"@type":"PropertyValueSpecification","valueRequired":true,"valueName":"search_term_string"}}],"inLanguage":"pt-BR"}]}},"_links":{"self":[{"href":"https:\/\/rbottino.com.br\/index.php?rest_route=\/wp\/v2\/pages\/44"}],"collection":[{"href":"https:\/\/rbottino.com.br\/index.php?rest_route=\/wp\/v2\/pages"}],"about":[{"href":"https:\/\/rbottino.com.br\/index.php?rest_route=\/wp\/v2\/types\/page"}],"author":[{"embeddable":true,"href":"https:\/\/rbottino.com.br\/index.php?rest_route=\/wp\/v2\/users\/1"}],"replies":[{"embeddable":true,"href":"https:\/\/rbottino.com.br\/index.php?rest_route=%2Fwp%2Fv2%2Fcomments&post=44"}],"version-history":[{"count":11,"href":"https:\/\/rbottino.com.br\/index.php?rest_route=\/wp\/v2\/pages\/44\/revisions"}],"predecessor-version":[{"id":174,"href":"https:\/\/rbottino.com.br\/index.php?rest_route=\/wp\/v2\/pages\/44\/revisions\/174"}],"wp:attachment":[{"href":"https:\/\/rbottino.com.br\/index.php?rest_route=%2Fwp%2Fv2%2Fmedia&parent=44"}],"curies":[{"name":"wp","href":"https:\/\/api.w.org\/{rel}","templated":true}]}}